9208814057 a composite number?
True
Is 286883957 a prime number?
True
Is 9784623731 composite?
False
Is 124801151379 a prime number?
False
Is 1416805361 composite?
False
Is 8183706883 a prime number?
False
Is 93651363089 composite?
False
Is 45191021 a prime number?
False
Is 17000800669 a prime number?
True
Is 4687873997 composite?
False
Is 219498443 a prime number?
True
Is 7282220261 a prime number?
False
Is 1192144493 a prime number?
False
Is 238927943 a prime number?
False
Is 12380882089 a prime number?
False
Is 6486558437 prime?
False
Is 49041561787 a composite number?
False
Is 14663254781 prime?
False
Is 1684791149 composite?
False
Is 155205962983 a prime number?
True
Is 28067781041 a prime number?
True
Is 7648257703 a composite number?
False
Is 4572579527 a composite number?
False
Is 3796907627 a composite number?
False
Is 2404920281 composite?
True
Is 12258329063 a prime number?
True
Is 28670505659 composite?
False
Is 246658367 composite?
True
Is 1003441121 a prime number?
False
Is 15325901363 a composite number?
False
Is 2010993883 prime?
False
Is 3110956403 composite?
True
Is 48107145607 composite?
False
Is 2137167853 composite?
False
Is 13215522851 prime?
True
Is 148400951 prime?
True
Is 19185748117 a composite number?
True
Is 296020961 a prime number?
True
Is 311686873 a prime number?
True
Is 247992917 composite?
False
Is 22195995501 prime?
False
Is 4447186949 a prime number?
False
Is 2153562982 a prime number?
False
Is 18229451833 a composite number?
False
Is 32490159659 a prime number?
False
Is 20986027 a prime number?
False
Is 7644438139 a composite number?
True
Is 1642928929 a composite number?
True
Is 1598570837 a composite number?
False
Is 2029904861 prime?
True
Is 24470411447 a composite number?
True
Is 13991801507 prime?
False
Is 9823390439 a composite number?
False
Is 3111177929 composite?
False
Is 6170465801 prime?
False
Is 257600521 a prime number?
False
Is 6754915121 a prime number?
False
Is 1072362539 a composite number?
False
Is 135910100347 prime?
False
Is 790769171 a prime number?
True
Is 31229555083 a composite number?
False
Is 39438224461 a composite number?
False
Is 6850542203 composite?
True
Is 2075588953 prime?
True
Is 13484660029 prime?
True
Is 2458647769 prime?
True
Is 9087529051 a composite number?
False
Is 743523107 composite?
False
Is 23189478881 a prime number?
False
Is 3348618257 a prime number?
True
Is 6462327754 composite?
True
Is 1650389603 composite?
True
Is 19598918869 a prime number?
True
Is 75795703779 prime?
False
Is 62382875251 a prime number?
True
Is 760065143 composite?
True
Is 6660205733 a composite number?
False
Is 612597977 prime?
True
Is 63843746987 a composite number?
False
Is 5453447919 prime?
False
Is 148482571 a prime number?
True
Is 576451783 a composite number?
True
Is 68700297049 composite?
False
Is 162468217 prime?
False
Is 9089210629 composite?
False
Is 274238089 a prime number?
True
Is 360559627 a composite number?
False
Is 25617293743 a prime number?
True
Is 3062947 composite?
True
Is 403377697 composite?
False
Is 11263445617 a composite number?
True
Is 4222234483 composite?
False
Is 8947288711 prime?
True
Is 4299620167 a prime number?
True
Is 867944921 prime?
True
Is 342662887 prime?
False
Is 8503826953 prime?
False
Is 2045327461 a composite number?
False
Is 673768159 prime?
True
Is 7082953121 prime?
True
Is 1487623331 a composite number?
True
Is 3992933917 a composite number?
True
Is 1737557189 prime?
True
Is 48947532433 composite?
False
Is 15175327551 a prime number?
False
Is 8557192903 prime?
False
Is 11833713889 a composite number?
True
Is 126224534091 a composite number?
True
Is 75166111651 a prime number?
True
Is 25970119111 prime?
True
Is 8555105219 composite?
False
Is 78083319737 prime?
False
Is 1412303729 prime?
True
Is 17814720353 composite?
False
Is 189692053 composite?
False
Is 389863741 composite?
True
Is 106537865299 prime?
True
Is 26746865539 a prime number?
True
Is 329128871 a prime number?
False
Is 5575121707 a composite number?
False
Is 7757744089 composite?
True
Is 11313919961 prime?
False
Is 1105749831 prime?
False
Is 6568868419 prime?
False
Is 513750227 prime?
False
Is 3616743937 prime?
False
Is 3356275921 composite?
False
Is 50995333771 composite?
False
Is 4702642963 prime?
True
Is 107584493719 composite?
False
Is 3436349879 composite?
False
Is 16792733 prime?
True
Is 1059329171 prime?
True
Is 5108522113 composite?
False
Is 2361221297 composite?
True
Is 507364591 a prime number?
True
Is 40202969921 a composite number?
False
Is 754753541 composite?
True
Is 17232644309 a prime number?
True
Is 106536175463 a prime number?
False
Is 31251107731 a composite number?
False
Is 16432452307 prime?
True
Is 19226525743 prime?
True
Is 2546888381 a prime number?
True
Is 7515862499 prime?
False
Is 4123381139 a prime number?
True
Is 35424499493 prime?
False
Is 3684801209 composite?
True
Is 37804506937 a composite number?
False
Is 11940816073 prime?
False
Is 23800889461 composite?
False
Is 22434004345 composite?
True
Is 1793278909 a composite number?
True
Is 7888949353 a prime number?
False
Is 7150455667 composite?
True
Is 80856887 a prime number?
True
Is 8278333153 composite?
False
Is 1211416333 a composite number?
True
Is 1950201917 a prime number?
True
Is 5037500693 composite?
True
Is 20736665153 a prime number?
True
Is 2176886713 a composite number?
False
Is 716482181 a prime number?
True
Is 103009603 composite?
False
Is 6025878539 composite?
True
Is 1004033971 prime?
True
Is 22352502889 prime?
True
Is 6708701 a composite number?
False
Is 93459183427 composite?
True
Is 51079171629 composite?
True
Is 17655751801 a composite number?
False
Is 2709700349 a composite number?
False
Is 2716978189 composite?
True
Is 53047747829 a composite number?
True
Is 7505850977 a composite number?
True
Is 100599686087 composite?
False
Is 39868521815 prime?
False
Is 11090091971 a prime number?
False
Is 1783567823 a composite number?
False
Is 1036189069 prime?
False
Is 725488007 prime?
True
Is 9755636459 prime?
True
Is 13645841381 composite?
False
Is 34576793 composite?
True
Is 5270897837 prime?
True
Is 117583289 a prime number?
True
Is 27513224639 prime?
True
Is 1184486257 composite?
True
Is 9769514683 a composite number?
True
Is 271737913 a composite number?
False
Is 10875560987 prime?
True
Is 232057699 a prime number?
True
Is 195377720033 composite?
True
Is 1724720211307 prime?
True
Is 1028826521 a prime number?
False
Is 3304714579 prime?
True
Is 705094135 prime?
False
Is 270630739 a prime number?
True
Is 1708395767 a composite number?
True
Is 23478540797 prime?
False
Is 427837069 a composite number?
True
Is 43482584245 prime?
False
Is 257843323 a composite number?
False
Is 2940081913 prime?
True
Is 54117919319 a prime number?
True
Is 2807283541 a prime number?
False
Is 225308823 composite?
True
Is 5386124167 a prime number?
False
Is 213383 prime?
True
Is 86678153 a prime number?
False
Is 82600135 prime?
False
Is 1037868074 a prime number?
False
Is 676600187 a composite number?
True
Is 3209248001 prime?
True
Is 24634063873 a composite number?
False
Is 85628831 prime?
False
Is 3962616863 composite?
True
Is 5544050077 composite?
False
Is 1582721551 prime?
False
Is 1130476541 a composite number?
True
Is 157972879 composite?
False
Is 180556778 composite?
True
Is 2317779953 a composite number?
False
Is 2360680599 a prime number?
False
Is 16537474621 composite?
True
Is 3084523709 prime?
True
Is 12686417449 composite?
True
Is 365965753 a prime number?
False
Is 10197675823 composite?
False
Is 903584801 a prime number?
False
Is 273474449 a prime number?
False
Is 23388464339 composite?
True
Is 348201704981 prime?
False
Is 3906648359 composite?
False
Is 6053789617 prime?
True
Is 203521663 composite?
True
Is 19226658377 a prime number?
False
Is 108755592703 a composite number?
False
Is 960338101 a composite number?
False
Is 22861721191 a prime number?
True
Is 13107151907 a composite number?
False
Is 114502799 a composite number?
True
Is 2291360323 a prime number?
False
Is 2936340893 a composite number?
True
Is 531802183 a composite number?
True
Is 443831111 prime?
True
Is 3702612757 a prime number?
True
Is 1323236623 composite?
True
Is 1194856787 composite?
False
Is 3531869611 composite?
True
Is 3